-2*y, m*y + 8 = -4*f. Let p(l) = -4*l - 4. List the prime factors of p(f).
2, 3
Let z(k) be the first derivative of -k**4/4 + 13*k**3/3 - 3*k**2/2 + 29*k + 12. List the prime factors of z(12).
137
Let x = 16 - 15. Let d be ((x - -1) + 10)*148. List the prime factors of d/72 + (-2)/(-6).
5
Let r(l) = -13*l + 2. Let h be r(-2). Suppose 2*c - h = -2*x, -4*c + 5*x + 65 = -0*c. What are the prime factors of c?
3, 5
Suppose -33 = -4*g + 11. Let v(l) be the second derivative of l**4/12 - 3*l**3/2 - 5*l**2/2 + 19*l. List the prime factors of v(g).
17
Let l be -12*5/10*-1. List the prime factors of 12/(-36) + 86/l.
2, 7
Suppose 41 = -4*i + 25. What are the prime factors of i*7*-3 - 2?
2, 41
List the prime factors of (2 + 0 + -120)*(-39)/26.
3, 59
List the prime factors of (-39)/(-117) + (-2)/(-3) - -1152.
1153
Let d(b) = -3*b**3 + 3*b**2 + 14*b + 14. What are the prime factors of d(-5)?
2, 197
Let h = -60 + 65. Suppose -3*t + 44 + 283 = 3*g, -5*g + 555 = -h*t. What are the prime factors of g?
2, 5, 11
Let c(u) = -u**3 - u**2 + 3*u + 2. Let y be c(-2). Suppose y = 7*p + 123 - 389. What are the prime factors of p?
2, 19
Suppose 4*n + n - 5*d + 95 = 0, -n = -5*d + 19. Let r = n + 83. List the prime factors of r.
2
Let n(s) = s**2 - 10*s - 14. Let c be n(12). Suppose 0 = 2*b - 2 - c. Suppose 2*a + 92 = b*a. List the prime factors of a.
23
Suppose 4*t = -3*y + 744, -7*y + 2*y = 2*t - 1254. Suppose -5*s + 540 = l + 3*l, -2*l = -2*s - y. What are the prime factors of l?
2, 5, 13
Let z(w) = 20*w - 33. What are the prime factors of z(8)?
127
Let f be -13 + (3 - 5 - (-7 - -2)). Suppose -2*k = -7*k - 60. What are the prime factors of (k/f)/((-33)/(-440))?
2
Suppose 5*t = -v + 1615, -5*v + 8054 = -29*t + 33*t. What are the prime factors of v?
2, 5, 7, 23
Suppose -2*w - 3*w = -25. Suppose -w*b = -0*b - 375. Suppose -5*g - z = -78, -z - b = -4*g - 6*z. List the prime factors of g.
3, 5
Let b = -2 + 6. Suppose -3*i + b*k = 17, -4*i + k - 3*k + 14 = 0. Let y(r) = 17*r**3 - r**2. What are the prime factors of y(i)?
2
Suppose 0 = 26*t - 23*t - 1107. What are the prime factors of t?
3, 41
Suppose 5*h = -3*y - 36, -4*y - y = 10. Let d be (-43)/(-3) + (-4)/h. What are the prime factors of (-2)/3 - (-265)/d?
17
Let i(p) = 21*p**3 - 2*p**2 - p. Let w be i(-1). Let o = w - -36. Suppose 0 = -13*k + o*k - 15. What are the prime factors of k?
3, 5
What are the prime factors of 6 + 0 + (-2 - -90)?
2, 47
Let z be (-6)/6 - 1*-1. Suppose -d = -z*d - 7. List the prime factors of d.
7
Suppose p - 2*x = 1593, -1593 = 7*p - 8*p + 3*x. What are the prime factors of p?
3, 59
Let k(b) = -b + 11. Let m be k(8). Let w be m/1 - (2 - 3). Suppose -4*v + v = -d + 51, -5*d - w*v + 236 = 0. List the prime factors of d.
2, 3
Let r(h) = -h**2 - 5*h + 5. Suppose -5*a + 18 = -3*v, a - 17 = -4*a + 2*v. Suppose 2*p - a*p = 5. What are the prime factors of r(p)?
5
Suppose 8*x - 7524 = 6140. Suppose -x = -10*o - 258. List the prime factors of o.
5, 29
Let b(l) = l**3 - 10*l**2 - 6*l + 3. Let g be b(11). Suppose -g = 2*c - 0*c - 4*m, 0 = -5*c - m - 145. Let n = c - -59. List the prime factors of n.
2, 3, 5
Let k(h) = -h - 3. Let r be k(-3). Suppose 6*x - 48 + 0 = r. What are the prime factors of x?
2
Let t(g) = g - 2. Let s be t(6). Let i = 0 + 2. Suppose 12 = i*p + s. List the prime factors of p.
2
Let j(m) be the second derivative of 2*m**5/5 - m**4/3 + 7*m**3/6 - 2*m**2 - 31*m. List the prime factors of j(2).
2, 29
List the prime factors of (-109296)/(-27) + 0 + 6/(-3).
2, 7, 17
List the prime factors of (722/3)/(16/6 - 2).
19
Let g = -196 + 1208. Suppose 5*v + 77 = g. List the prime factors of v.
11, 17
Let v(i) = -i**2 - 11*i + 2. Let l(o) = -o - 5. Let s be l(-13). Let f = s - 16. What are the prime factors of v(f)?
2, 13
Let j(m) = -m - 1. Let v be j(8). Suppose 7*t + 0*t + 147 = 0. Let l = v - t. What are the prime factors of l?
2, 3
Let b(y) be the third derivative of y**5/60 + y**4/24 - 5*y**3/6 - 3*y**2. List the prime factors of b(5).
5
Let n(h) = h**3 - h**2 + 6*h + 18. Let b be (266/21)/2 - 1/3. List the prime factors of n(b).
2, 3, 13
Suppose -4*u = -o + 84 - 5, 5*o - 373 = -2*u. Let w = o - 49. List the prime factors of w.
2, 13
Let j(y) be the second derivative of y**4/6 - 5*y**3/6 + 17*y**2/2 + 25*y. What are the prime factors of j(8)?
3, 5, 7
Suppose 7*r - z - 19 = 2*r, -3*r = 2*z - 14. List the prime factors of -2*(6/r + -3 + -81).
3, 5, 11
Suppose 0 = -3*l + l. Suppose l = 4*m - 5*m + 77. Suppose m + 3 = 4*u. What are the prime factors of u?
2, 5
Suppose -3 = -s - 0*s. Suppose -v + 51 = -4*f, -s*f - 10 = 2*f. Let j = -26 + v. What are the prime factors of j?
17
Let d = 631 - -54. List the prime factors of d.
5, 137
Let t(q) = -5*q - 17. List the prime factors of t(-7).
2, 3
Let i = 31 - 28. Suppose -f - t = -32, -3*f = -f + i*t - 60. List the prime factors of f.
2, 3
Suppose 0 = -72*l + 42*l + 11490. What are the prime factors of l?
383
Suppose 3*h - 2 = t, -4*t + 30 = 5*h + 4. Suppose -2*x - 56 = -h*b, b - 112 = -3*b - 2*x. What are the prime factors of b?
2, 7
Suppose 0*s + s - 4*o - 470 = 0, 2*o - 2306 = -5*s. What are the prime factors of s?
2, 3, 7, 11
Suppose 0 - 16 = -4*y, 0 = 5*f - 5*y - 25. Suppose 0 = -13*s + f*s + 984. What are the prime factors of s?
2, 3, 41
Let t(f) = 12*f - 30. Let p be t(-3). List the prime factors of (p/88)/(3/(-1048)).
2, 131
Suppose -2*z - 1732 = -6*z. What are the prime factors of z?
433
Let t(d) = 8*d**2 - d**3 + 7*d**2 + d**2 + 12 + 4*d. What are the prime factors of t(16)?
2, 19
Suppose 55 = -3*y + 4*j, y + 0*j = -3*j - 27. What are the prime factors of ((-91)/y - 4)*3*163?
163
Let s(d) = 7*d**3 + 2*d**2 - d - 2. Let t be 0 + 0/2 + 2. List the prime factors of s(t).
2, 3, 5
Let j = 138 + -90. What are the prime factors of j + -1 - 3/3?
2, 23
Let v = 535 + -357. Let i = v + -65. What are the prime factors of i?
113
Let c = 38 + -32. Suppose -5*d + 3*s + 450 = -2*d, -3*d + 2*s + 450 = 0. Suppose c*t - 11*t + d = 0. What are the prime factors of t?
2, 3, 5
Suppose -2*q - 31*c + 3692 = -33*c, 5*q - 9238 = 3*c. What are the prime factors of q?
2, 5, 37
What are the prime factors of 1732/10*5/2 + 4?
19, 23
What are the prime factors of 20/(-40)*2*-529?
23
Let l(j) = -96*j - 21. List the prime factors of l(-2).
3, 19
Suppose -x = -3 - 12. Suppose x*s = 10*s + 20. Suppose n - a = 5, a - s*a = -n - 1. What are the prime factors of n?
2
Let z be (375/(-30))/((-1)/2). Suppose 0 = -4*o + 27 + z. List the prime factors of o.
13
Let j = 93 + 335. Let t = -187 + j. What are the prime factors of t?
241
Suppose 0 = -11*g - 1061 + 4944. List the prime factors of g.
353
Suppose 4 = -2*z + 4*z. Suppose k = 4*t + 12, t + 8 = k + z. Suppose -k*q = -27 - 5. List the prime factors of q.
2
Let g be 10/70 - (-83)/(-14)*54. Let r = -212 - g. What are the prime factors of r?
2, 3
Let r = -666 + 2813. What are the prime factors of r?
19, 113
Let u = 524 + -523. Let a(y) = -21*y + 47*y + 15*y. List the prime factors of a(u).
41
Let g = 28 + -16. Suppose 0 = 2*j - g - 0. Suppose 4*t - p - 101 = 0, 0 = -t + j*p - 4*p + 34. What are the prime factors of t?
2, 3
Let a(x) = 7*x - 61. Let u be a(9). Let b be (1 + -1)/(0 + 1). List the prime factors of (b + -30)*(u + -3).
2, 3, 5
Let l = 4 + 1. Suppose -2 = -768*p + 770*p. What are the prime factors of (p/l + 1)*60?
2, 3
Let b be (128/(-5))/(((-12)/45)/2). Suppose -h + b = 5*i, -5*i + 3*h = -i - 146. List the prime factors of i.
2, 19
Let x be (1 + -76)*144/45. What are the prime factors of (-4)/26 + x/(-39)?
2, 3
Let p = 928 + -487. List the prime factors of p.
3, 7
Let h(t) = 3*t + 3. Let b be h(-8). Let p = -13 - b. What are the prime factors of (4/6)/(p/108)?
3
Let k = -1797 + 2786. List the prime factors of k.
23, 43
Suppose -3*m = -v + 2079, 0 = v - 4*m - 1856 - 228. List the prime factors of v.
2, 3, 43
Suppose 4*c - 34 = -3*l, -24 = -3*l + l - 3*c. Let s(d) = -d**3 + 12*d**2 - 7*d - 8. List the prime factors of s(l).
2, 83
List the prime factors of 0 + 132 + (-10 - -6) + 1.
3, 43
Let x(h) = -10*h + 5. Let j be x(4). Let p be 205/j - 1/7. What are the prime factors of (3 + p)/((-3)/59)?
59
Suppose 0*z + 16 = 4*z. Suppose -4*y - 4*n = -60, z*y = 2*y - n + 27. What are the prime factors of y?
2, 3
Let f = -654 - -1124. Wha